pose y = -2*m + 6, -2*m - 3*y - 2 = -0. What is the units digit of ((-6)/m)/(2/(-10))?
6
Let y(g) = 21*g - 61. What is the units digit of y(5)?
4
Let r = 5 - 1. Suppose 51 = 5*i - r*i. What is the tens digit of i?
5
Let b(c) = c**3 - 2*c**2 - 1. Let a be b(2). Let n = 6 + a. What is the units digit of n?
5
Suppose -v = -5*x + 66, -5*v + 14 = -6. What is the tens digit of x?
1
Let b = 80 + -51. What is the tens digit of b?
2
Let m be (-251)/(-4) + (-2)/(-8). What is the units digit of 4/(-18) + 2219/m?
5
What is the units digit of (-4396)/(-49) + 2/7?
0
Let n = 258 + -24. What is the hundreds digit of n?
2
Let s(c) = c - 5. Let r(y) = y**3 + 4*y**2 - 6*y. Let g be r(-5). Let p be s(g). What is the units digit of 1*(-3)/(-3 - p)?
1
Let g(x) = x**3 + x**2 - 2*x - 3. Let o be g(-2). What is the units digit of (-26)/o + (-6)/(-18)?
9
Suppose 0*u = -3*u + 3, 5*u = 3*i - 64. What is the tens digit of i?
2
Suppose 2*m = -5*c + 1373, 0 = 4*m + 3 + 1. What is the tens digit of c?
7
Let s = 11 - -42. What is the units digit of s?
3
Let x(u) be the second derivative of -u**3/6 + 9*u**2/2 + u. What is the units digit of x(5)?
4
Suppose 5 = 2*q - 5*n, -3*q = 3*n - 36 - 24. What is the tens digit of q?
1
Let l = -75 - -54. Let j = 35 + l. Let h = j + -6. What is the units digit of h?
8
Suppose 4*q - 7*q - 6 = 0. Let l = 9 + q. What is the units digit of l?
7
Let y(z) = z**2 + z + 64. What is the tens digit of y(0)?
6
Let b be (-2)/4 - (-18)/4. Suppose 4*l - 5*m = -13, 0*l + 14 = -2*l + b*m. Suppose l*y = 9 + 12. What is the units digit of y?
7
Suppose -5*q + 4*q + 6 = 0. Let f(p) = -p**2 + 6*p + 2. What is the units digit of f(q)?
2
Let q = 7 + -7. Let n = q + 5. What is the units digit of n?
5
Let h be 1*12/(5 + -2). Let v(f) = h + 3*f - f - 4*f. What is the units digit of v(-4)?
2
Let j(t) = -2*t. Let z be j(-1). Let a(x) = x**2 - 2*x + 2. What is the units digit of a(z)?
2
Let y = 16 + -11. Suppose 0 = -y*u + 18 + 7. What is the units digit of u?
5
Let n(v) = 34*v - 1. Let j be n(1). Suppose 5*q - 11 - 1 = -3*u, 0 = 4*u + q - j. Let y = u + -6. What is the units digit of y?
3
What is the hundreds digit of 3 - 7/((1 + -2)/21)?
1
Let o(n) = n**2 - n - 1. Let d be o(-2). Suppose t - 18 = d*t - 2*q, 2*q + 7 = -t. What is the units digit of ((-3)/t - 0)*25?
5
Let o = -14 - -17. Suppose -o - 9 = -2*i. What is the units digit of i?
6
Let z = 1 + -3. Let n = z + -4. What is the units digit of 1/3 + (-4)/n?
1
Let q = 117 + -74. What is the tens digit of q?
4
Let l(c) = 5*c**3 - 3*c**2 + 3*c + 4. Let h(y) = -y**3 + y**2 - y - 1. Let d(n) = 9*h(n) + 2*l(n). What is the units digit of d(-3)?
8
Let t(j) = -3*j + 100. What is the tens digit of t(0)?
0
Let v = 124 - 89. Suppose -2*b = -v - 33. What is the units digit of b?
4
Suppose 0 = 3*k - 128 - 16. What is the units digit of k?
8
Let f(j) = -4*j. Let b(u) = -3*u + 5*u + 8*u - 5*u. Let v(g) = -3*b(g) - 4*f(g). What is the units digit of v(7)?
7
Suppose 5*b - 6*b + 2 = 0. Suppose 6 = -0*w + b*w. Suppose -2*m + 2*y = -y - 19, -y = w*m - 34. What is the units digit of m?
1
Let y = 13 - -121. Let w = y - 80. What is the units digit of w?
4
Let g = 12 - 6. Let n = 0 - g. Let h = n + 11. What is the units digit of h?
5
Suppose -3*b - 2*b = 2*f, b = 2*f - 12. What is the units digit of f?
5
Let s(t) = 5*t**2 + 5*t + 8. What is the tens digit of s(-3)?
3
Let k = -7 - -25. What is the tens digit of k?
1
Suppose 5*j = 2*m + 545, 2*m - 8 = -18. What is the hundreds digit of j?
1
Suppose -5*s + 10*s = 125. What is the units digit of s?
5
What is the tens digit of ((-3)/(-6))/((-2)/(-1084))?
7
Suppose -2*r - 44 = 2*h, -54 = 3*r + 5*h + 6. Let z = -10 - r. What is the tens digit of z?
1
Suppose 3 - 33 = -5*a. Let q(g) = g**3 - 5*g**2 - 9*g + 8. Let c be q(a). What is the units digit of c*((-3)/6 + 0)?
5
Let v be 2/(-5) - 452/20. What is the tens digit of (v + 2/(-2))*-1?
2
Let i be 3/6 + 19/2. Let z = i + -7. Suppose 0 = -a + z*t - 3, 2 = -2*a + 5*t. What is the units digit of a?
9
Let u be 1 + (-8 - 0 - 0). Let c = 10 + u. Suppose t = c*t - 10. What is the units digit of t?
5
Let f(o) = 2 - o**2 + 5 - 5 - 5*o - 1. Let s = 5 + -9. What is the units digit of f(s)?
5
Let p(c) = 3*c - 3. Let b(z) = -z - 3. Let o be b(-5). Let f be p(o). What is the units digit of -5*(0 - 3/f)?
5
Let c be (-1)/3 + (-7)/(-3). Suppose -24 = -5*q + 3*q. Suppose -c*z - z = -q. What is the units digit of z?
4
Let o = -10 - -104. Let n be o/18 + 6/(-27). Suppose -2*u + 3*y = -7, -n*y + 14 = -2*u + u. What is the units digit of u?
1
Suppose 0 = s + 3 - 1. What is the units digit of (-2 + (s - -3))*-1?
1
Let n be 0/2 + 2 + 1. Suppose n*k - 51 = 2*i, 18 = -5*i + 3. Suppose 3*b - 15 = k. What is the units digit of b?
0
Suppose 65 = 4*s + s. Suppose t - 2*o - 1 = 0, -2*o = 3*t + 2*o - s. Suppose 0 = b + t - 5. What is the units digit of b?
2
Let t(j) = j + 16. Let s(q) = -q**3 - 4*q**2 + 12*q - 7. Let v be s(-6). What is the units digit of t(v)?
9
Suppose -4*i = -4*h - 40, -5*i - 2*h + 98 = 27. Suppose 39 + i = 2*c. What is the units digit of c?
6
Let y(r) = -r**3 - 11*r**2 - 9*r + 13. Let m be y(-10). Suppose 0*j = -m*j + 15. What is the units digit of j?
5
Suppose -488 = -5*x + 32. What is the hundreds digit of x?
1
Let g be 0 + (-3)/3 + 22. Suppose -h - 14 = -0*h. Let a = g + h. What is the units digit of a?
7
Let m(v) = -v**3 - 6*v**2 + 14*v - 7. What is the units digit of m(-8)?
9
Let r = -69 + 101. What is the units digit of r?
2
Let w be 2/(-14) - 148/(-7). Suppose -3*u + 6 = -w. What is the units digit of u?
9
Let a(k) = 2*k**3 - 7*k**2 - k - 5. Let q be a(5). Suppose 0 = 4*i + 5*w - q, 0 = -3*i + w - 3*w + 40. What is the units digit of i?
0
Let k(s) = s. Let b be k(2). Suppose -b*m + 52 = -4*v + 2, -2*v = 3*m - 67. Suppose -29 = -4*l + m. What is the units digit of l?
3
Suppose -3*n + 434 - 131 = 0. What is the tens digit of n?
0
Suppose -4*t + 184 = -5*l, 0 = 2*l + t - 39 + 123. What is the units digit of (3 - -3)/((-12)/l)?
0
Suppose 2*v + k - 180 = 4*k, 0 = 2*v + 2*k - 190. What is the units digit of v?
3
Let t be 1*(-12)/(-1 + -1). Let r(y) = y**3 - 6*y**2 + 4*y + 6. What is the units digit of r(t)?
0
Let y(h) = -39*h + 12. What is the hundreds digit of y(-3)?
1
Let v = -1 + -2. Let h be (-3)/9*(0 - v). Let y = h + 4. What is the units digit of y?
3
Let o = 2 + -2. Let g = 3 - o. Suppose f = -g*f - y + 29, 3*f - 30 = 2*y. What is the units digit of f?
8
Let b be (1 + (-4)/4)/(-2). Suppose -3*y + y + 56 = b. What is the tens digit of y?
2
Let j(h) = -h**3 + 2*h**2 + h + 4. What is the tens digit of j(-3)?
4
Let c(f) = -6*f**2 + 7*f + 8. Let p(m) = -5*m**2 + 6*m + 7. Let x(u) = 3*c(u) - 4*p(u). What is the units digit of x(3)?
5
Let w be (-2)/(-6) - (-7)/(-3). Let y be -1 - w - 0/4. Suppose 5*q = 2*q - 5*n - y, -5*q - 2*n + 11 = 0. What is the units digit of q?
3
Let u be -3*(3 + -4) - -9. Suppose -5*f - 5*v + 40 = 0, -3*f + 4*v = 2*v - 4. Suppose -b = -0*m + 2*m - u, f*b - 38 = -3*m. What is the units digit of b?
8
Suppose -5*o = 2*p - 150, 0 = 2*p - p + 5. What is the units digit of o?
2
Let w be ((-10)/(-25))/((-2)/(-5)). What is the units digit of -2 + w/1 + 6?
5
What is the units digit of 8/(-12) + 123/9?
3
Suppose 0 = 4*q + j - 8, 0 = 5*q + 2*j - 4 - 3. Suppose 8 = 4*v + t - q*t, -3*v = 4*t - 6. What is the units digit of v?
2
Let d = -124 + 190. Let s = d - 32. What is the tens digit of s?
3
Let a be 1 + -1 - (-3 - 1). Suppose 7 = -a*x + 47. What is the tens digit of x?
1
Let s be (1 + -2)/((-1)/27). What is the tens digit of 6/s - 392/(-18)?
2
Suppose -4*h + 0*h + 60 = 0. What is the tens digit of h?
1
Let k(s) be the third derivative of 0*s**3 - 19/24*s**4 - s**2 + 0 + 0*s. What is the units digit of k(-1)?
9
Let y(w) = -w**3 + 9*w**2 + w - 2. Suppose 6*f = 5*f + 9. What is the units digit of y(f)?
7
Suppose 5*p - 6 = 2*r, -8 - 7 = 5*r. Suppose p*f - 5*f - 4*n = -11, -3*f + 14 = -5*n. Let v = f + 2. What is the units digit of v?
5
Let w = -5 - -8. Suppose 3*p - 47 = -2*s, 0*p = 4*s - w*p - 67. Suppose -s = -5*g + 31. What is the units digit of g?
0
Let i = -2 + 11. Suppose -i - 16 = -5*b. Suppose b = 5*k - 20. What is the units digit of k?
5
Let f(c) = -c**2 + 20*c - 12. What is the tens digit of f(16)?
5
Suppose -4*h + 10 = -9*h. Let w